hen 21 is divided by d?
0
Let o(z) = 3*z**2 - 17*z - 18. Let f be o(-6). Suppose -x = 15*x - f. What is the remainder when x is divided by 5?
2
Suppose -1067*v = -1041*v - 4160. What is the remainder when v is divided by 50?
10
Let a(y) = -150*y - 1778. What is the remainder when 1885 is divided by a(-13)?
165
Suppose -8*c = 38*c - 34*c - 31404. What is the remainder when c is divided by 20?
17
Let n(j) = 16*j**3 + j**2 - 8*j + 16. Let h be n(2). What is the remainder when 9592/h + (-4)/6 is divided by 38?
34
Suppose -538 + 274 = -12*k. Calculate the remainder when 397 is divided by k.
1
Suppose -4817 - 16919 = -64*u - 79*u. Calculate the remainder when u is divided by 37.
4
Let m = 11499 - 11371. Suppose -3*r - 4*r = -182. Calculate the remainder when m is divided by r.
24
Let g(b) = b**3 - 8*b**2 + 71*b + 124. What is the remainder when g(10) is divided by 50?
34
Let v(f) = -f**2 - 18*f + 2. Let l be v(-18). Suppose 4*q + 2*w - 1138 = 0, -3*w + 55 = l*q - 524. What is the remainder when q is divided by 15?
12
Suppose 9*z + 83*z = 9384. Calculate the remainder when z is divided by 68.
34
Suppose -5*v + 6*v = 286. Suppose 2*f - v = -18. Calculate the remainder when f is divided by 236/7 - (10/(-7))/5.
32
Let i(p) = -p**2 - 21*p + 134. Let a be i(5). Suppose -4*c + 5*k = -3081, 4*k = -a*c - 0*k + 3036. What is the remainder when c is divided by 45?
44
Let l(m) = 50*m - 155. Let h be l(8). Suppose -127 - h = -12*k. What is the remainder when 78 is divided by k?
16
Let y = -24 - -20. Let p be -3 + (2 - 3) - y. Suppose -47*g + 44*g + 153 = p. What is the remainder when g is divided by 27?
24
Suppose 0 = -3*j - j + 60. Let g be (-1)/(-2) + (-43350)/(-68). Suppose 28*d - 594 = g. What is the remainder when d is divided by j?
14
Suppose -5*a + 84 = 19. Let l = -86 - -107. What is the remainder when -1*(l*-1 - -1 - 3) is divided by a?
10
Suppose -2*q + 118 = 4*m, q - 19 + 18 = 0. Suppose m*a - 319 = 18*a. What is the remainder when 114 is divided by a?
27
Let r be 3*11 + (9 - 7) + 6. Suppose 4*a + 58 = j, 37*j - 5*a = r*j - 169. What is the remainder when j is divided by (17/2)/((-1)/(-2))?
12
Let u(v) = -45*v + 2. Let b be u(-5). Let j = -216 + b. Calculate the remainder when 18 is divided by j.
7
Let r(n) = 76 + 12*n + 33 - 8. Let i = -6 + 32. Calculate the remainder when r(0) is divided by i.
23
Let k = -365 - -252. Let v = 137 + k. Calculate the remainder when v is divided by 6.
0
Suppose -y + 823 = 3*m - 1702, 6*m + y - 5051 = 0. Calculate the remainder when m is divided by 26.
10
Let x(i) = 444*i**2 - i + 12. Calculate the remainder when x(5) is divided by 23.
21
Let z = 7275 + -2870. Calculate the remainder when z is divided by 147.
142
Let c(i) = 3*i - 15. Let x be c(11). Let z(u) = -24*u + 1. What is the remainder when x/8 - 1/4 is divided by z(0)?
0
Suppose 13*d = 15*d - 64. Suppose -t = -d + 6. Let a(q) = 7*q**2 + q + 1. What is the remainder when t is divided by a(-1)?
5
Let r(h) be the second derivative of -h**5/20 - h**4/3 - 55*h**2/2 + 60*h - 2. What is the remainder when 37 is divided by r(-6)?
3
Let x = -209 - -173. Let w = x - -123. Calculate the remainder when w is divided by 9.
6
Suppose -h = -2*x + 1, -5*x = -3*x + 5*h - 31. Suppose 23 = 3*p + 8, x*d + p - 80 = 0. What is the remainder when 96 is divided by d?
21
Suppose 0 = -118*c + 24*c + 156909 + 152163. Calculate the remainder when c is divided by 7.
5
Let v(y) = 697*y - 9736. What is the remainder when 1356 is divided by v(14)?
14
Suppose -3806 - 4197 = -31*j - 1958. What is the remainder when j is divided by 51?
42
Let b = 2059 + -2947. Let i = -780 - b. Calculate the remainder when i is divided by 22.
20
Let v = 9 + -11. Let g be (-1)/v*(-160)/(-16). Suppose g*u - 12 = -4*o + 2*u, -6 = -2*o - 5*u. What is the remainder when 4 is divided by o?
1
Suppose -s + 71 - 47 = 0. Let m = -22 + 38. What is the remainder when (-14)/(((-3)/(-99))/((-4)/s)) is divided by m?
13
Let w = 15483 + -15151. Calculate the remainder when w is divided by 66.
2
Let m be (11361/21)/((-2)/(-2)). Let b = m - 378. What is the remainder when b is divided by 15?
13
Suppose 0 = l + k - 143, 3*k - 2*k = -4*l + 563. Suppose -l = -11*t + 7*t. Calculate the remainder when 120 is divided by 4*(-1 + 0) + t.
27
Let r(k) = -k**3 - 14*k**2 - 4*k + 11. Let m be r(-13). Let o = -68 - m. Let a = -7 - -27. Calculate the remainder when o is divided by a.
18
Suppose -4*f + 3*a + 24659 = -65901, 4*a - 45302 = -2*f. What is the remainder when f is divided by 68?
67
Suppose 2*w + 3*n - 3061 = -676, 4*w + 2*n - 4750 = 0. Calculate the remainder when w is divided by 37.
1
Suppose 0 = 102*k - 3*k - 14157. Calculate the remainder when k is divided by 34.
7
Suppose -37*t = -32*t. Suppose t = -l - 11*l + 432. What is the remainder when l is divided by 3?
0
Suppose 342*a - 8 = 338*a. Let p be 0/(4*(-3)/6). Suppose 3*j - a*j - 5 = p. Calculate the remainder when 7 is divided by j.
2
Let m(z) = 86*z**2 - 19*z + 129. Calculate the remainder when m(4) is divided by 206.
193
What is the remainder when 201 is divided by -237*((-84)/18*-1 + -5)?
43
Let h = 3900 - 5506. Let v = -1102 - h. Calculate the remainder when v is divided by 102.
96
Let y = -386 + 245. Let m(q) = 107*q + 3110. What is the remainder when 1 - (-2)/((-6)/y) is divided by m(-29)?
6
Let c = 81 + -74. Suppose 4*l - 3*q = 15, 5 = 4*q - c. Calculate the remainder when 17 is divided by l.
5
Let m = 275 - 86. Let r = m + -122. Let g(q) = q + 13. What is the remainder when r is divided by g(10)?
21
Suppose -10*l = -11*l + 5*h + 298, -l + 2*h + 286 = 0. What is the remainder when l is divided by 58?
46
What is the remainder when (73/(-22 - 124))/(2077/2078 - 1) is divided by 88?
71
Let s be (-28)/(-84) + 856/(-3). Let y = -229 - s. What is the remainder when y is divided by 15?
11
Suppose 5*l = -4*h - 224 + 1217, 0 = 4*h - 8. What is the remainder when l is divided by 51?
44
Let q = 9051 + -8935. Calculate the remainder when q is divided by (-4)/10 + (-37)/(-5).
4
Let i = 1354 - 1298. Calculate the remainder when i is divided by (-2)/(8/(-116) - 0).
27
Let s(y) = y**3 - 39*y**2 + 132*y + 288. Let r = -79 - -116. Calculate the remainder when r is divided by s(35).
5
Let p = 5579 + -5179. Calculate the remainder when p is divided by 35.
15
Suppose 7*m + 19 = 621. What is the remainder when 218 is divided by m?
46
Suppose -360*k - 39930 = -1086*k. Let g(j) = 16*j - 3. What is the remainder when k is divided by g(2)?
26
Let o(z) be the third derivative of -z**4/12 + 7*z**3/2 - 11*z**2. What is the remainder when 31/(1/5 - 0) is divided by o(-9)?
38
Suppose 14*w - 101 = 1257. Let i = -4 + 3. Let u = i - -21. Calculate the remainder when w is divided by u.
17
Suppose -m = -5*m. Suppose 2*v + m*v - 94 = 0. Calculate the remainder when v is divided by (17/(-7))/(-9 - (-1426)/161).
13
Suppose 11 = 21*l - 3643. Let g(x) = x**3 + 10*x**2 + 11*x + 4. Calculate the remainder when l is divided by g(-8).
42
Suppose 11*j - 42 + 9 = 0. Suppose -j*f = -0*f + 5*c - 19, 3*f + 3*c = 15. Calculate the remainder when f is divided by 1.
0
Let o(g) = 8 - 6 + 9 + 3 - 2*g. Let v be o(6). Suppose -b + v + 11 = 0. What is the remainder when 167 is divided by b?
11
Suppose s + 24 = 3*s. Suppose 62*v = 58*v + 472. Calculate the remainder when v is divided by s.
10
Let j(d) = -2*d**2 + 41*d - 116. Let l be j(17). Suppose -b - 92*r + 17 = -87*r, 4*b + l*r - 119 = 0. What is the remainder when 90 is divided by b?
26
Suppose -246*j + 73234 - 83635 = -237951. Calculate the remainder when j is divided by 31.
26
Calculate the remainder when 428 is divided by 39/(10/(-4) - 21/(-6)).
38
Let p(w) = 12 - 10*w + 2 + 7. Suppose 2*j = -5*l - 15, 0 = -j + 2*l - 0 - 3. What is the remainder when p(j) is divided by 15?
11
Let t(k) = 5*k - 48. Let a = -33 - -47. What is the remainder when t(a) is divided by 8?
6
Let s = 216 - -4. Suppose -4*p + 226 = 2*g - g, 4*p - s = -4*g. Calculate the remainder when p is divided by 12.
9
Calculate the remainder when ((-534)/(-9))/((-18)/(-27)) + 3 is divided by 16.
12
Suppose -7*o + 23 - 2 = 0. Let m be 2/(-3) + (-178)/(-6). Suppose r + m = x + 3, 4*r - 16 = 0. What is the remainder when x is divided by o?
0
Let q(g) = -42*g**2 + 302*g + 1. Let w be q(7). Let o = -4 - -6. Calculat